Convert 100000010111100010 (base 2) to base 7.
1061345
What is -28420a (base 11) in base 14?
-b815c
347432 (base 8) to base 4
130330122
-132140133 (base 5) to base 15
-d11cd
What is -11001011011100000001111 (base 2) in base 15?
-8ba2c0
-11122112 (base 3) to base 16
-d3d
Convert -12d34 (base 14) to base 3.
-2100210011
1985235 (base 10) to base 13
5467c5
Convert 675cd (base 14) to base 2.
111101001111110001
11420244 (base 5) to base 7
625425
-993813 (base 10) to base 6
-33144553
-30333210 (base 4) to base 14
-15576
-10010111000011010001 (base 2) to base 14
-121693
Convert -100122111200022 (base 3) to base 5.
-2303040201
22221012122 (base 3) to base 6
3434025
What is 262153 (base 7) in base 9?
73834
Convert -6e1fb9 (base 16) to base 3.
-111120122222022
Convert 416146 (base 9) to base 6.
5144410
-12f0a6 (base 16) to base 14
-2444d0
Convert -5a188 (base 11) to base 3.
-11101222022
-211211100011 (base 3) to base 6
-13344051
604222 (base 7) to base 2
11000111110111000
What is -1310332032 (base 4) in base 15?
-96e63
What is -36433512 (base 7) in base 11?
-19214aa
Convert -21d43 (base 14) to base 5.
-10112213
What is 20000133210 (base 4) in base 10?
2099172
What is -119373 (base 10) in base 14?
-31709
What is -2033201300 (base 4) in base 8?
-2174160
Convert a3513 (base 14) to base 7.
3225623
Convert 94514 (base 13) to base 2.
1000001000111001011
-101332303112 (base 4) to base 11
-272a50a
What is -4d7a8 (base 16) in base 13?
-b15a9
Convert -314101 (base 9) to base 12.
-9006a
1268868 (base 10) to base 7
13533216
Convert -402113100 (base 5) to base 12.
-650864
What is 261100 (base 10) in base 8?
775754
What is -236799 (base 10) in base 9?
-400740
-60c06 (base 13) to base 5
-21022100
What is 10111111001100111110 (base 2) in base 16?
bf33e
Convert 1110110111111011 (base 2) to base 16.
edfb
-cb8a69 (base 14) to base 15
-9148b4
What is 2480542 (base 10) in base 2?
1001011101100110011110
What is 613994 (base 10) in base 2?
10010101111001101010
-10b9a37 (base 13) to base 10
-5162489
6c38b8 (base 13) to base 16
275898
Convert -110a75 (base 11) to base 2.
-101011001101011000
-567304 (base 10) to base 14
-10aa5a
-1000011011000101111111 (base 2) to base 10
-2208127
-5a82 (base 13) to base 2
-11000111101101
What is 79406 (base 10) in base 7?
450335
Convert -1110010001101111001111 (base 2) to base 7.
-43545402
Convert -102552050 (base 6) to base 10.
-1818750
What is -24030 (base 11) in base 6?
-424211
Convert 19a519 (base 13) to base 6.
21542415
1a5333 (base 11) to base 6
10424031
What is 647232 (base 8) in base 7?
1561603
Convert -24163 (base 12) to base 6.
-1013003
What is 5168b7 (base 13) in base 9?
3514818
What is -db549 (base 15) in base 10?
-696444
What is -20011000110220 (base 3) in base 10?
-3267726
What is -210310303 (base 5) in base 12?
-35b1a5
-485163 (base 10) to base 15
-98b43
261064 (base 9) to base 7
1226242
Convert -25d11 (base 16) to base 2.
-100101110100010001
255234144 (base 6) to base 10
5012560
Convert -cfd50 (base 16) to base 3.
-1121020201220
-22dbbf (base 16) to base 11
-13203aa
What is -21310430 (base 5) in base 11?
-114806
-51979 (base 11) to base 12
-37993
-10124343401 (base 5) to base 2
-100111100111111110010111
What is 1428618 (base 10) in base 15?
1d3463
Convert -8a62c (base 13) to base 2.
-111101011001110110
Convert -179f93 (base 16) to base 8.
-5717623
Convert -10344052 (base 6) to base 2.
-1001011100001100000
-bba93b (base 12) to base 10
-2983871
-3a90 (base 12) to base 2
-1101001001100
Convert -167065 (base 10) to base 8.
-506231
Convert -1516016 (base 9) to base 10.
-837636
-457715 (base 8) to base 9
-256385
Convert -801278 (base 11) to base 5.
-312240231
What is -3211037 (base 10) in base 9?
-6033638
What is a1105 (base 14) in base 10?
387105
What is 5034252 (base 7) in base 3?
1010022212110
Convert -33978 (base 12) to base 2.
-10000110010101100
What is 175367a (base 11) in base 4?
23112302201
-4061440 (base 7) to base 14
-c8d57
What is -1a10653 (base 12) in base 9?
-11306040
Convert -14b823 (base 14) to base 11.
-45444a
Convert 10101011101011011 (base 2) to base 8.
253533
What is -c0b6c (base 15) in base 12?
-255079
What is 22221102121 (base 3) in base 10?
176002
What is 159e3 (base 15) in base 11?
48439
2200131133 (base 4) to base 15
ceb17
Convert -11e7b (base 15) to base 8.
-157662
Convert 1000202211 (base 5) to base 6.
110000333
What is 417757 (base 9) in base 11?
15a760
What is 18688 (base 10) in base 7?
105325
Convert -110122221001012 (base 3) to base 11.
-3887518
What is -257 (base 11) in base 7?
-613
-7704231 (base 8) to base 9
-3788735
What is 144255 (base 6) in base 4?
3121223
What is -175535 (base 10) in base 12?
-856bb
Convert 2203434 (base 5) to base 6.
451522
What is -110101111100111111 (base 2) in base 16?
-35f3f
55983 (base 15) to base 16
42714
Convert -110435451 (base 6) to base 12.
-802b87
Convert -1b902b2 (base 13) to base 14.
-1309456
What is 1133437 (base 9) in base 6?
21044354
What is 10111001101101000000001 (base 2) in base 13?
1350983
What is -3269749 (base 11) in base 16?
-578c26
30304213 (base 5) to base 4
323221110
What is -328b74 (base 13) in base 5?
-301044111
What is 84a4a7 (base 14) in base 12?
160332b
Convert 2539063 (base 10) to base 16.
26be37
Convert 1051479 (base 11) to base 13.
4c8704
-2543232 (base 7) to base 13
-b7324
-28b067 (base 15) to base 7
-22445056
Convert -105127 (base 11) to base 4.
-220332300
-7172608 (base 9) to base 13
-a3cc0a
What is -17213 (base 11) in base 4?
-11322112
Convert da78 (base 16) to base 14.
1654c
-8beb (base 15) to base 6
-345252
101011010011011 (base 2) to base 9
33364
What is 2edd (base 16) in base 14?
452d
Convert -64c00 (base 16) to base 13.
-115ab0
142022310 (base 6) to base 16
2c2fc2
-10010000101000110010101 (base 2) to base 9
-8823305
-2104115 (base 6) to base 4
-120321233
Convert -1301212422 (base 5) to base 14.
-5bd274
What is -790870 (base 11) in base 2?
-100110011101010001011
-143800 (base 12) to base 7
-2605515
-7ca39 (base 16) to base 6
-14535305
What is ccb01 (base 14) in base 4?
1321013031
What is -3142174 (base 8) in base 2?
-11001100010001111100
What is -10001100110100011001 (base 2) in base 3?
-1002022012201
What is 10211220100011 (base 3) in base 12?
827604
1110011110010001101000 (base 2) to base 3
21010202102102
Convert 309166 (base 11) to base 9.
834411
Convert -1131443 (base 5) to base 4.
-11012021
-128532 (base 9) to base 13
-29918
Convert 101234355 (base 6) to base 4.
12222130133
Convert -110011001001010011110 (base 2) to base 12.
-689a52
What is 1023133200 (base 5) in base 13?
5a8bc9
-813ab (base 12) to base 13
-5b71b
10122200210 (base 3) to base 14
1c313
Convert -6014260 (base 10) to base 16.
-5bc534
-21662631 (base 8) to base 3
-22210201110201
What is 1011001210111 (base 3) in base 11?
388463
Convert 3450420 (base 7) to base 4.
1221210012
Convert -1a57b5 (base 12) to base 3.
-212200012102
202121222110200 (base 3) to base 2
101001110100100001100100
What is -44379 (base 11) in base 9?
-107225
-101210201200201 (base 3) to base 13
-12607c9
What is -1002002000201 (base 3) in base 15?
-b4874
-1111100010001011000110 (base 2) to base 5
-2020302014
1447484 (base 9) to base 13
21cb11
-880880 (base 10) to base 3
-1122202100012
Convert -1093b55 (base 12) to base 14.
-5ca98d
-168286 (base 12) to base 14
-a12bc
What is 24306726 (base 8) in base 2?
10100011000110111010110
Convert 3636bb (base 12) to base 9.
1576138
Convert 5420 (base 7) to base 16.
785
53051 (base 13) to base 11
a2325
Convert 100103320000 (base 4) to base 3.
22001020011201
What is 121156 (base 8) in base 9?
63032
Convert 15cb3b (base 13) to base 9.
1015884
23123013 (base 5) to base 8
626013
-1b4555 (base 12) to base 15
-988d5
Convert 144423 (base 10) to base 4.
203100213
What is 1951745 (base 11) in base 10?
3296452
-42135 (base 10) to base 7
-233562
-12ba40 (base 16) to base 5
-303233303
What is 10100101110001011010010 (base 2) in base 6?
312232122
Convert 2a9208 (base 11) to base 15.
97696
What is -1200210111 (base 4) in base 5?
-100124131
Convert -100001010110111111 (base 2) to base 4.
-201112333
-44dc9d (base 14) to base 9
-4361140
Convert 540416 (base 8) to base 9.
304528
Convert 1a63695 (base 11) to base 6.
202250432
What is -11100001000010000100 (base 2) in base 8?
-3410204
W